s digit of x?
5
Suppose 2*l - r = -31 + 754, -4*r - 1072 = -3*l. What is the tens digit of l + (-6 - 0)*1?
5
Suppose 5*d - 2*g - 926 = -6*g, 922 = 5*d + 3*g. Suppose 0 = 2*i + 10, 354 = 3*m - 3*i + 87. Let b = d - m. What is the tens digit of b?
9
Suppose l - 3*l + 12 = -4*g, 3*g = 3*l - 15. Suppose -608 = 4*y + l*f, 5*f = 3 + 7. Let r = y + 219. What is the units digit of r?
5
Let z be 144/((-4)/2) - 1. Let r = -6827 - -6611. Let d = z - r. What is the tens digit of d?
4
Let w be (3 + -5)/((-1)/(-8)). Let x(a) be the first derivative of 2*a**2 + 66*a + 43. What is the units digit of x(w)?
2
Suppose -5*w + 126201 = l, -5*l + 75681 = 302*w - 299*w. What is the tens digit of w?
4
Let r(x) = x**2 - 34*x + 899. Let z be r(0). Suppose 4330 = 7*u - z. What is the units digit of u?
7
Let r = 10334 - 5402. What is the hundreds digit of r?
9
Suppose 7*t + 4*u = 2*t + 266, 5*u - 120 = -2*t. Let c = t - 50. Let q(y) = 2*y**3 + 2*y**2 + 39. What is the tens digit of q(c)?
3
Suppose -76*l - 2350 = -86*l. Let i = -125 + l. What is the units digit of i?
0
Let j(c) = 186*c**3 + 8*c**2 + 6*c - 3. What is the units digit of j(3)?
9
Let l(a) = -3*a**2 - 13*a + 29. Let z(s) = -4*s**2 - 14*s + 28. Suppose 8*c - 42 = -6*c. Let k(o) = c*l(o) - 2*z(o). What is the units digit of k(-11)?
1
Suppose 0 = -3*g - 5*t + 95510, -118*g - 2*t = -115*g - 95525. What is the thousands digit of g?
1
Let f(n) = -n**3 + 22*n**2 + 5*n - 28. Let q(m) = m + 42. Let y be q(-20). Let w be f(y). Suppose 6 = 3*h, -v - 3*v + w = h. What is the tens digit of v?
2
Suppose 0 = -10*p + 490 - 70. Let f be (195 - 0)*(-18)/15*-1. Suppose 3*a - f = -p. What is the tens digit of a?
6
Let i(c) = -4*c + 1735. Let m be i(0). Let w = m - 1017. What is the hundreds digit of w?
7
Let i(l) = -l**3 + 9*l**2 + 5*l + 1. Let b be i(5). Suppose 3*q + 70 = 5*m, -5*q + 14 = 3*m - 2*m. What is the tens digit of (20/6)/(m/b)?
3
What is the hundreds digit of (-8)/3*(713 - -13)*(-87)/24?
0
Let t(j) = 27*j**2 + 347*j - 5541. What is the units digit of t(17)?
1
Let a = 3375 + 2635. What is the thousands digit of a?
6
Let j = 14753 + -6687. What is the thousands digit of j?
8
Suppose 34*s = 69*s + 46*s - 1599993. What is the thousands digit of s?
9
Let r(d) = -15*d**3 - 11*d**2 - 6*d - 20. What is the hundreds digit of r(-8)?
0
Suppose 4*g + 60 = 5*p, g - 22*p + 15 = -24*p. Let l(c) = -20*c + 52. What is the units digit of l(g)?
2
Let d(w) = 78*w + 46. Let b(x) = 10*x**2 + 18*x - 17. Let t be b(1). What is the tens digit of d(t)?
0
Let j = 15749 + -2607. What is the units digit of j?
2
Let l be -5 + 4 + -2 + 6. Suppose -9*j = -l*j - 18. Suppose j*w - 425 + 137 = 0. What is the units digit of w?
6
Suppose 102328 = 129*g - 2483219. What is the ten thousands digit of g?
2
Let c(l) = 120*l**2 + 2*l + 2. Suppose -1 = 2*q + 173. Let g = q + 86. What is the tens digit of c(g)?
2
Let a(x) = -3*x + 8. Let g(b) = 2*b - 28. Let w be g(16). Let d be a(w). What is the tens digit of d*(38/(-4) - 3)?
5
Let l(g) = 15*g**2 + 12*g + 12 + 0 + 25 + 3 - g**3. What is the hundreds digit of l(12)?
6
Let m = 38 + -38. Let z(p) = 2*p**2 - p + 27. Let g be z(m). Let s = 80 - g. What is the tens digit of s?
5
Let s(h) = -h**3 - 3*h**2 + 4*h + 3. Let n be s(-4). Suppose -p + f - 11 = 3*p, 0 = n*p + 3*f + 27. What is the units digit of p/(-8) - 220/(-8)?
8
Let q be 3*(-16)/(-18)*3/2. Suppose 5*k = q*v + 657 - 1638, -4*v - 3*k = -1005. What is the hundreds digit of v?
2
Let m be (-2)/(-2) + (-12)/(-6). Suppose 2*t + 0*w - m*w = -11, 0 = -3*t + 3*w - 9. Suppose -5*z - s = -805, 5*z + t*s - 815 = -s. What is the units digit of z?
0
Let t(v) = 15*v**2 - 17*v - 68. Let w(n) = -2*n**2 - n + 1. Let m(d) = t(d) + 3*w(d). What is the units digit of m(-8)?
1
Let w(b) = -7*b - 53. Let x be (-9)/2*((-20)/(-3))/2. Let h be w(x). What is the units digit of (8 - h/6)/((-2)/87)?
9
Suppose 43*j - 44*j + 55681 = 5*s, 5*s + 3*j - 55673 = 0. What is the units digit of s?
7
Suppose 127*h + 352*h + 51*h = 33292480. What is the units digit of h?
6
Suppose 19*y - 16 = 15*y, 3*y = 11*f - 118535. What is the tens digit of f?
7
Let s be (306/(-4))/((-4)/8). Let r be (s/6)/((-33)/(-88)). Suppose 5*d = 6*d - r. What is the units digit of d?
8
Let w = -187 + 118. Let d = -195 + w. Let z = -69 - d. What is the hundreds digit of z?
1
Let z be (-45)/75 - 3/5*-1. What is the tens digit of (-288 + z)*(-10)/15?
9
Let i be 2/(-10) + (-2142)/90. Let a(z) = -z**2 - 28*z + 8. What is the tens digit of a(i)?
0
Let j = 30264 + 1650. What is the hundreds digit of j?
9
Let u(g) = 2*g**2 + 16*g - 26. Suppose 73 = -4*p + 13. What is the units digit of u(p)?
4
Let o(c) = -12 + 10*c - 7*c**2 + 0*c + 15*c**2 - 5*c**2. Let t be o(4). Let f = t - 58. What is the tens digit of f?
1
Let w be (-56)/(-98) - (-2 - 15606/7). Suppose 14*p - 6*p - w = 0. Suppose -1273 = -8*f + p. What is the units digit of f?
4
Let m = 19101 + -669. Suppose m = 33*r - 19155. What is the tens digit of r?
3
Suppose 0 = -6*u + 58 - 10. Let c(h) = 62*h**2 - 8*h + 9. Let d be c(u). What is the units digit of d/28 + 3/12?
0
Let f(y) = -2*y**3 + 24*y**2 + 30*y + 7. Let i(b) = 5*b**3 - 71*b**2 - 89*b - 20. Let l(d) = 11*f(d) + 4*i(d). What is the hundreds digit of l(-12)?
8
Let s(f) be the first derivative of -30*f**2 + 82*f - 97. What is the thousands digit of s(-22)?
1
Suppose 0 = -37*c + 875421 + 112017 - 216654. What is the hundreds digit of c?
8
Let o(v) = 13. Let t(i) be the third derivative of -i**4/24 + 2*i**3 - 6*i**2. Let x(r) = 6*o(r) - 5*t(r). What is the tens digit of x(0)?
1
What is the hundreds digit of ((-51816)/(-48) + 23)*176/6?
3
Suppose 0 = -131*s + 136*s - 10660. Suppose -5*n = -3*i + 2665, -3*i + s + 539 = n. What is the tens digit of i?
9
Let m = -57374 + 118563. What is the ten thousands digit of m?
6
Let d = -30926 + 59447. What is the thousands digit of d?
8
Suppose -c + 5*w = -9, 2*c = c - 2*w - 5. Let d be 3 - c - (-1 + 1). Suppose s + 5*x = 14, 7*x - 6 = d*x. What is the units digit of s?
4
Suppose 0 = -4*p + 3*s + 3303, 0*p - 3*p - 3*s = -2451. Suppose 3*j + 5*a - 2*a - p = 0, -3*a = 3. What is the hundreds digit of j?
2
Let m(u) = -2*u**3 - 3*u**2 + 9*u + 2. Let z be m(-4). Suppose 2*w + z = 548. What is the hundreds digit of w?
2
What is the hundreds digit of 85*((-630)/(-9) + -8)?
2
Let z be (2/2)/(16/144). What is the units digit of (-1536)/z*(18/4)/(-3)?
6
Suppose -13*k + 10*k + 2283 = 0. Let j = k - 388. What is the hundreds digit of j?
3
Let k = -425 - -673. What is the tens digit of (-6 + 4/4)*k/(-40)?
3
Suppose 1433124 = 77*h - 1251558. What is the units digit of h?
6
Let u = 203 + -84. Suppose -3*f - 98 = -i, -474*i = -471*i - 5*f - 270. Suppose -r + i = -u. What is the tens digit of r?
9
Suppose -83*x = 44*x + 12*x - 1266429. What is the units digit of x?
1
Let b(n) = -5*n - 6. Let r be b(-2). Suppose -1510 = -r*h + 1186. What is the tens digit of h?
7
Suppose -30233 = -3*o - r, -3*r + 9378 = 2*o - 10775. What is the thousands digit of o?
0
Let r be (18/12)/(3/(-934)). Let p = 1314 + r. What is the tens digit of p?
4
Let k = -6 - -6. Let u be 2/(-2)*k + -36. What is the units digit of (-3)/(-4) + (-3249)/u?
1
Let h(j) = 29*j + 121. Let n be h(-4). Suppose -n*c = -149 - 8561. What is the units digit of c?
2
Let u(y) = y**2 - 26*y - 13. Let n be u(27). What is the tens digit of -2 - -336 - (n/2 + -3)?
3
Let q(b) = -35*b + 71. What is the tens digit of q(-8)?
5
Let j(r) = 5*r + 11. Let t be j(0). Let p(f) = f**3 - 9*f**2 - 8*f - 6. Let c be p(t). Suppose -c = -w - 60. What is the units digit of w?
8
Let a be (-3)/((-4)/(2 + 2)). Suppose 1462 + 2718 = 20*d. Suppose 13 = a*t - d. What is the tens digit of t?
7
Let j be 2*((-34)/4 + -3). Let o = j - -21. What is the tens digit of (-114)/((-10)/(-8) + o)?
5
Let w = 3464 + -3292. What is the units digit of w?
2
Suppose 9*a - 97372 = -16642. What is the tens digit of a?
7
Let c = -647 - -2639. Suppose -u = 17*t - 18*t + c, 2*t - 3*u - 3981 = 0. What is the hundreds digit of t?
9
Suppose -l - 2 = -3*w + 7, 0 = 2*l + 3*w - 27. Let b = -3 + l. Suppose -305 = -5*h - 3*j, b*j = 8*j. What is the tens digit of h?
6
Let y(x) = -14*x**2 - 19*x + 3. Let g be y(-6). Let f = -43 - g. What is the tens digit of f?
4
Suppose 75566 = 2*w + 3*u, w + u - 37790 =